{"id":758,"date":"2022-04-28T13:50:13","date_gmt":"2022-04-28T13:50:13","guid":{"rendered":"https:\/\/demo.creativethemes.com\/blocksy\/gadgets\/?page_id=16"},"modified":"2024-04-16T19:22:03","modified_gmt":"2024-04-16T19:22:03","slug":"about-us","status":"publish","type":"page","link":"https:\/\/ddruk.pl\/index.php\/about-us\/","title":{"rendered":"O NAS"},"content":{"rendered":"\n<div class=\"wp-block-stackable-image stk-block-image stk-block stk-d29fe6d\" data-block-id=\"d29fe6d\"><style>.stk-d29fe6d .stk-img-wrapper{width:69% !important;height:657px !important}@media screen and (max-width:767px){.stk-d29fe6d .stk-img-wrapper{width:100% !important;height:279px !important}}<\/style><figure><span class=\"stk-img-wrapper stk-image--shape-stretch\"><img loading=\"lazy\" decoding=\"async\" class=\"stk-img wp-image-834\" src=\"http:\/\/ddruk.pl\/wp-content\/uploads\/2024\/04\/konakt.png\" width=\"1619\" height=\"1078\" srcset=\"https:\/\/ddruk.pl\/wp-content\/uploads\/2024\/04\/konakt.png 1619w, https:\/\/ddruk.pl\/wp-content\/uploads\/2024\/04\/konakt-800x533.png 800w, https:\/\/ddruk.pl\/wp-content\/uploads\/2024\/04\/konakt-500x333.png 500w, https:\/\/ddruk.pl\/wp-content\/uploads\/2024\/04\/konakt-300x200.png 300w, https:\/\/ddruk.pl\/wp-content\/uploads\/2024\/04\/konakt-1024x682.png 1024w, https:\/\/ddruk.pl\/wp-content\/uploads\/2024\/04\/konakt-768x511.png 768w, https:\/\/ddruk.pl\/wp-content\/uploads\/2024\/04\/konakt-1536x1023.png 1536w\" sizes=\"auto, (max-width: 1619px) 100vw, 1619px\" \/><\/span><\/figure><\/div>\n\n\n\n<div class=\"wp-block-stackable-separator alignfull stk-block-separator stk--no-padding stk-block stk-739c3ff\" data-block-id=\"739c3ff\"><style>.stk-739c3ff .stk-block-separator__inner{height:148px !important}@media screen and (max-width:767px){.stk-739c3ff .stk-block-separator__inner{height:73px !important}}<\/style><div class=\"stk-block-separator__inner\"><svg xmlns=\"http:\/\/www.w3.org\/2000\/svg\" viewBox=\"0 0 1600 200\" class=\"stk-separator__layer-1\" preserveAspectRatio=\"none\" aria-hidden=\"true\"><path class=\"wave-1_svg__st2\" d=\"M1341.4 48.9c-182.4 0-254.2 80.4-429.4 80.4-117.8 0-209.7-67.5-393.5-67.5-142.2 0-212.6 38.8-324.6 38.8S-10 64.7-10 64.7V210h1620V102c-110.6-40.2-181-53.1-268.6-53.1z\"><\/path><\/svg><\/div><\/div>\n\n\n\n<div class=\"wp-block-stackable-heading stk-block-heading stk-block-heading--v2 stk-block stk-97bb786\" id=\"ddruk-w-liczbach\" data-block-id=\"97bb786\"><style>.stk-97bb786{margin-bottom:0px !important}.stk-97bb786 .stk-block-heading__text{font-size:45px !important}@media screen and (max-width:1023px){.stk-97bb786 .stk-block-heading__text{font-size:40px !important}}@media screen and (max-width:767px){.stk-97bb786 .stk-block-heading__text{font-size:25px !important}}<\/style><h2 class=\"stk-block-heading__text has-text-align-center\">DDRUK W LICZBACH<\/h2><\/div>\n\n\n\n<div class=\"wp-block-stackable-columns stk-block-columns stk-block stk-615ffb8\" data-block-id=\"615ffb8\"><style>.stk-615ffb8{max-width:750px !important;margin-right:auto !important;margin-bottom:0px !important;margin-left:auto !important}.stk-615ffb8-column{--stk-column-gap:50px !important;row-gap:50px !important}<\/style><div class=\"stk-row stk-inner-blocks stk-block-content stk-content-align stk-615ffb8-column\">\n<div class=\"wp-block-stackable-column stk-block-column stk-column stk-block stk-69e9c51\" data-block-id=\"69e9c51\"><style>.stk-69e9c51-container{margin-top:0px !important;margin-right:0px !important;margin-bottom:0px !important;margin-left:0px !important}<\/style><div class=\"stk-column-wrapper stk-block-column__content stk-container stk-69e9c51-container stk--no-background stk--no-padding\"><div class=\"stk-block-content stk-inner-blocks stk-69e9c51-inner-blocks\">\n<div class=\"wp-block-stackable-count-up stk-block-count-up stk-block stk-71719b7\" data-block-id=\"71719b7\"><style>.stk-71719b7{margin-bottom:10px !important}.stk-71719b7 .stk-block-count-up__text{font-size:50px !important;color:var(--theme-palette-color-1,#5B38ED) !important;font-weight:800 !important}@media screen and (max-width:1023px){.stk-71719b7 .stk-block-count-up__text{font-size:40px !important}}<\/style><div class=\"stk-block-count-up__text has-text-color has-palette-color-1-color has-text-align-center\">2536<\/div><\/div>\n\n\n\n<div class=\"wp-block-stackable-text stk-block-text stk-block stk-18052a5\" data-block-id=\"18052a5\"><style>.stk-18052a5 .stk-block-text__text{color:var(--theme-palette-color-4,#111518) !important;font-weight:700 !important;text-transform:uppercase !important}<\/style><p class=\"stk-block-text__text has-text-color has-palette-color-4-color has-text-align-center\">ZREALIZOWANYCH ZAM\u00d3WIE\u0143<\/p><\/div>\n<\/div><\/div><\/div>\n\n\n\n<div class=\"wp-block-stackable-column stk-block-column stk-column stk-block stk-6614bc8\" data-block-id=\"6614bc8\"><style>.stk-6614bc8-container{margin-top:0px !important;margin-right:0px !important;margin-bottom:0px !important;margin-left:0px !important}<\/style><div class=\"stk-column-wrapper stk-block-column__content stk-container stk-6614bc8-container stk--no-background stk--no-padding\"><div class=\"stk-block-content stk-inner-blocks stk-6614bc8-inner-blocks\">\n<div class=\"wp-block-stackable-count-up stk-block-count-up stk-block stk-48ad520\" data-block-id=\"48ad520\"><style>.stk-48ad520{margin-bottom:10px !important}.stk-48ad520 .stk-block-count-up__text{font-size:50px !important;color:var(--theme-palette-color-1,#5B38ED) !important;font-weight:800 !important}@media screen and (max-width:1023px){.stk-48ad520 .stk-block-count-up__text{font-size:40px !important}}<\/style><div class=\"stk-block-count-up__text has-text-color has-palette-color-1-color has-text-align-center\">1,225<\/div><\/div>\n\n\n\n<div class=\"wp-block-stackable-text stk-block-text stk-block stk-fd9fab0\" data-block-id=\"fd9fab0\"><style>.stk-fd9fab0 .stk-block-text__text{color:var(--theme-palette-color-4,#111518) !important;font-weight:700 !important;text-transform:uppercase !important}<\/style><p class=\"stk-block-text__text has-text-color has-palette-color-4-color has-text-align-center\">ZADOWOLONYCH KLIENT\u00d3W<\/p><\/div>\n<\/div><\/div><\/div>\n\n\n\n<div class=\"wp-block-stackable-column stk-block-column stk-column stk-block stk-a5259d4\" data-block-id=\"a5259d4\"><style>.stk-a5259d4-container{margin-top:0px !important;margin-right:0px !important;margin-bottom:0px !important;margin-left:0px !important}<\/style><div class=\"stk-column-wrapper stk-block-column__content stk-container stk-a5259d4-container stk--no-background stk--no-padding\"><div class=\"stk-block-content stk-inner-blocks stk-a5259d4-inner-blocks\">\n<div class=\"wp-block-stackable-count-up stk-block-count-up stk-block stk-84a982a\" data-block-id=\"84a982a\"><style>.stk-84a982a{margin-bottom:10px !important}.stk-84a982a .stk-block-count-up__text{font-size:50px !important;color:var(--theme-palette-color-1,#5B38ED) !important;font-weight:800 !important}@media screen and (max-width:1023px){.stk-84a982a .stk-block-count-up__text{font-size:40px !important}}<\/style><div class=\"stk-block-count-up__text has-text-color has-palette-color-1-color has-text-align-center\">100%<\/div><\/div>\n\n\n\n<div class=\"wp-block-stackable-text stk-block-text stk-block stk-df8e931\" data-block-id=\"df8e931\"><style>.stk-df8e931 .stk-block-text__text{color:var(--theme-palette-color-4,#111518) !important;font-weight:700 !important;text-transform:uppercase !important}<\/style><p class=\"stk-block-text__text has-text-color has-palette-color-4-color has-text-align-center\">ZADOWOLENIA<\/p><\/div>\n<\/div><\/div><\/div>\n<\/div><\/div>\n","protected":false},"excerpt":{"rendered":"<p>DDRUK W LICZBACH 2536 ZREALIZOWANYCH ZAM\u00d3WIE\u0143 1,225 ZADOWOLONYCH KLIENT\u00d3W 100% ZADOWOLENIA<\/p>\n","protected":false},"author":1,"featured_media":0,"parent":0,"menu_order":0,"comment_status":"closed","ping_status":"closed","template":"","meta":{"footnotes":""},"class_list":["post-758","page","type-page","status-publish","hentry"],"blocksy_meta":{"page_title_panel":"","has_hero_section":"disabled","e526bf15e511397327c0ea7c622e70d5":"","hero_section":"type-1","hero_elements":[{"id":"custom_title","enabled":true,"heading_tag":"h1","title":"Home"},{"id":"custom_description","enabled":true,"description_visibility":{"desktop":true,"tablet":true,"mobile":false}},{"id":"custom_meta","enabled":false,"meta_elements":[{"id":"author","enabled":true,"label":"By","has_author_avatar":"yes","avatar_size":25},{"id":"post_date","enabled":true,"label":"On","date_format_source":"default","date_format":"M j, Y"},{"id":"updated_date","enabled":false,"label":"On","date_format_source":"default","date_format":"M j, Y"},{"id":"categories","enabled":false,"label":"In","style":"simple"},{"id":"comments","enabled":true}],"page_meta_elements":{"joined":true,"articles_count":true,"comments":true}},{"id":"breadcrumbs","enabled":false}],"e215eb52d97ca5ebf9ff3868ffff48c4":"","hero_alignment1":"CT_CSS_SKIP_RULE","hero_margin":40,"hero_alignment2":"center","hero_vertical_alignment":"center","9ab8835f9687c382b8c48ee74eb290b1":"","hero_structure":"narrow","9fcb5372e27f299ebb25c8a4aba6c935":"","page_title_bg_type":"featured_image","custom_hero_background":{"attachment_id":null},"page_title_image_size":"full","parallax":{"desktop":false,"tablet":false,"mobile":false},"a6bd30db6f7128ca14dd777aa48118ec":"","hero_height":"250px","pageTitleFont":{"family":"Default","variation":"Default","size":"30px","line-height":"CT_CSS_SKIP_RULE","letter-spacing":"CT_CSS_SKIP_RULE","text-transform":"CT_CSS_SKIP_RULE","text-decoration":"CT_CSS_SKIP_RULE"},"pageTitleFontColor":{"default":{"color":"CT_CSS_SKIP_RULEDEFAULT"}},"pageMetaFont":{"family":"Default","variation":"n6","size":"12px","line-height":"1.3","letter-spacing":"CT_CSS_SKIP_RULE","text-transform":"uppercase","text-decoration":"CT_CSS_SKIP_RULE"},"pageMetaFontColor":{"default":{"color":"CT_CSS_SKIP_RULEDEFAULT"},"hover":{"color":"CT_CSS_SKIP_RULEDEFAULT"}},"page_meta_button_type_font_colors":{"default":{"color":"CT_CSS_SKIP_RULEDEFAULT"},"hover":{"color":"CT_CSS_SKIP_RULEDEFAULT"}},"page_meta_button_type_background_colors":{"default":{"color":"CT_CSS_SKIP_RULEDEFAULT"},"hover":{"color":"CT_CSS_SKIP_RULEDEFAULT"}},"pageExcerptFont":{"family":"Default","variation":"Default","size":"CT_CSS_SKIP_RULE","line-height":"CT_CSS_SKIP_RULE","letter-spacing":"CT_CSS_SKIP_RULE","text-transform":"CT_CSS_SKIP_RULE","text-decoration":"CT_CSS_SKIP_RULE"},"pageExcerptColor":{"default":{"color":"CT_CSS_SKIP_RULEDEFAULT"}},"breadcrumbsFont":{"family":"Default","variation":"Default","size":"CT_CSS_SKIP_RULE","line-height":"CT_CSS_SKIP_RULE","letter-spacing":"CT_CSS_SKIP_RULE","text-transform":"CT_CSS_SKIP_RULE","text-decoration":"CT_CSS_SKIP_RULE"},"breadcrumbsFontColor":{"default":{"color":"CT_CSS_SKIP_RULEDEFAULT"},"initial":{"color":"CT_CSS_SKIP_RULEDEFAULT"},"hover":{"color":"CT_CSS_SKIP_RULEDEFAULT"}},"pageTitleOverlay":{"background_type":"color","background_pattern":"type-1","background_image":{"attachment_id":null,"x":0,"y":0},"gradient":"linear-gradient(135deg,rgba(6,147,227,1) 0%,rgb(155,81,224) 100%)","background_repeat":"repeat","background_size":"auto","background_attachment":"scroll","patternColor":{"default":{"color":"#e5e7ea"}},"overlayColor":{"default":{"color":"CT_CSS_SKIP_RULE"}},"backgroundColor":{"default":{"color":"CT_CSS_SKIP_RULE"}}},"pageTitleBackground":{"background_type":"color","background_pattern":"type-1","background_image":{"attachment_id":null,"x":0,"y":0},"gradient":"linear-gradient(135deg,rgba(6,147,227,1) 0%,rgb(155,81,224) 100%)","background_repeat":"repeat","background_size":"auto","background_attachment":"scroll","patternColor":{"default":{"color":"#e5e7ea"}},"overlayColor":{"default":{"color":"CT_CSS_SKIP_RULE"}},"backgroundColor":{"default":{"color":"var(--theme-palette-color-6)"}}},"pageTitlePadding":{"top":"50px","bottom":"50px","left":"auto","right":"auto","linked":true},"17dd88181336b93c39910ae374bba20f":"","page_structure_type":"default","dc61af32236be1bc5ecce3249dcc2da4":"","content_style_source":"inherit","content_style":"wide","vertical_spacing_source":"custom","content_area_spacing":"none","background":{"background_type":"color","background_pattern":"type-1","background_image":{"attachment_id":null,"x":0,"y":0},"gradient":"linear-gradient(135deg,rgba(6,147,227,1) 0%,rgb(155,81,224) 100%)","background_repeat":"repeat","background_size":"auto","background_attachment":"scroll","patternColor":{"default":{"color":"#e5e7ea"}},"overlayColor":{"default":{"color":"CT_CSS_SKIP_RULE"}},"backgroundColor":{"default":{"color":"CT_CSS_SKIP_RULE"}}},"content_background":{"background_type":"color","background_pattern":"type-1","background_image":{"attachment_id":null,"x":0,"y":0},"gradient":"linear-gradient(135deg,rgba(6,147,227,1) 0%,rgb(155,81,224) 100%)","background_repeat":"repeat","background_size":"auto","background_attachment":"scroll","patternColor":{"default":{"color":"#e5e7ea"}},"overlayColor":{"default":{"color":"CT_CSS_SKIP_RULE"}},"backgroundColor":{"default":{"color":"var(--theme-palette-color-8)"}}},"content_boxed_shadow":{"inherit":false,"blur":18,"spread":-6,"v_offset":12,"h_offset":0,"inset":false,"enable":true,"color":{"color":"rgba(34, 56, 101, 0.04)"}},"boxed_content_spacing":{"desktop":{"top":"40px","bottom":"40px","left":"40px","right":"40px","linked":true},"tablet":{"top":"35px","bottom":"35px","left":"35px","right":"35px","linked":true},"mobile":{"top":"20px","bottom":"20px","left":"20px","right":"20px","linked":true}},"content_boxed_radius":{"top":"3px","bottom":"3px","left":"3px","right":"3px","linked":true},"27df1c2ee6c2fdf36e31c6059ce1ce37":"","disable_featured_image":"no","disable_share_box":"no","disable_header":"no","disable_footer":"no","styles_descriptor":{"styles":{"desktop":"","tablet":"","mobile":""},"google_fonts":[],"version":6}},"featured_image_urls":{"full":"","thumbnail":"","medium":"","medium_large":"","large":"","1536x1536":"","2048x2048":"","woocommerce_archive_thumbnail":"","woocommerce_thumbnail":"","woocommerce_single":"","woocommerce_gallery_thumbnail":""},"post_excerpt_stackable":"<p>DDRUK W LICZBACH 2536 ZREALIZOWANYCH ZAM\u00d3WIE\u0143 1,225 ZADOWOLONYCH KLIENT\u00d3W 100% ZADOWOLENIA<\/p>\n","category_list":"","author_info":{"name":"admin7812","url":"https:\/\/ddruk.pl\/index.php\/author\/admin7812\/"},"comments_num":"0 comments","jetpack_sharing_enabled":true,"_links":{"self":[{"href":"https:\/\/ddruk.pl\/index.php\/wp-json\/wp\/v2\/pages\/758","targetHints":{"allow":["GET"]}}],"collection":[{"href":"https:\/\/ddruk.pl\/index.php\/wp-json\/wp\/v2\/pages"}],"about":[{"href":"https:\/\/ddruk.pl\/index.php\/wp-json\/wp\/v2\/types\/page"}],"author":[{"embeddable":true,"href":"https:\/\/ddruk.pl\/index.php\/wp-json\/wp\/v2\/users\/1"}],"replies":[{"embeddable":true,"href":"https:\/\/ddruk.pl\/index.php\/wp-json\/wp\/v2\/comments?post=758"}],"version-history":[{"count":4,"href":"https:\/\/ddruk.pl\/index.php\/wp-json\/wp\/v2\/pages\/758\/revisions"}],"predecessor-version":[{"id":837,"href":"https:\/\/ddruk.pl\/index.php\/wp-json\/wp\/v2\/pages\/758\/revisions\/837"}],"wp:attachment":[{"href":"https:\/\/ddruk.pl\/index.php\/wp-json\/wp\/v2\/media?parent=758"}],"curies":[{"name":"wp","href":"https:\/\/api.w.org\/{rel}","templated":true}]}}