{"id":884,"date":"2024-05-24T17:00:02","date_gmt":"2024-05-24T17:00:02","guid":{"rendered":"https:\/\/ddruk.pl\/?page_id=884"},"modified":"2024-05-24T17:16:07","modified_gmt":"2024-05-24T17:16:07","slug":"polityka-prywatnosci","status":"publish","type":"page","link":"https:\/\/ddruk.pl\/index.php\/polityka-prywatnosci\/","title":{"rendered":"POLITYKA PRYWATNO\u015aCI"},"content":{"rendered":"\n<pre class=\"wp-block-verse has-text-align-center\">POLITYKA PRYWATNO\u015aCI<br><br>Polityka prywatno\u015bci serwisu www.DDRUK.PL<br>1. Informacje og\u00f3lne<br>Niniejsza Polityka Prywatno\u015bci okre\u015bla zasady przetwarzania i ochrony danych osobowych<br>przekazanych przez U\u017cytkownik\u00f3w w zwi\u0105zku z korzystaniem przez nich us\u0142ug<br>zakup\u00f3w internetowych poprzez Serwis.<br>2. Administratorem danych osobowych zawartych w serwisie jest<br>DDRUK \u0141UKASZ DANIEL. z siedzib\u0105 w LASKOWA 894, 34-602 LASKOWA NIP 7372244653. REGON 528126904 <br>3. W trosce o bezpiecze\u0144stwo powierzonych nam danych opracowali\u015bmy wewn\u0119trzne<br>procedury i zalecenia, kt\u00f3re maj\u0105 zapobiec udost\u0119pnieniu danych osobom<br>nieupowa\u017cnionym. Kontrolujemy ich wykonywanie i stale sprawdzamy ich zgodno\u015b\u0107 z<br>odpowiednimi aktami prawnymi - ustaw\u0105 o ochronie danych osobowych, ustaw\u0105 o<br>\u015bwiadczeniu us\u0142ug drog\u0105 elektroniczn\u0105, a tak\u017ce wszelkiego rodzaju aktach wykonawczych i<br>aktach prawa wsp\u00f3lnotowego.<br>4. Dane Osobowe przetwarzane s\u0105 na podstawie zgody wyra\u017canej przez U\u017cytkownika oraz<br>w przypadkach, w kt\u00f3rych przepisy prawa upowa\u017cniaj\u0105 Administratora do przetwarzania<br>danych osobowych na podstawie przepis\u00f3w prawa lub w celu realizacji zawartej pomi\u0119dzy<br>stronami umowy.<br>5. Serwis realizuje funkcje pozyskiwania informacji o u\u017cytkownikach i ich zachowaniach w<br>nast\u0119puj\u0105cy spos\u00f3b:<br>a) poprzez dobrowolnie wprowadzone w formularzach informacje<br>b) poprzez gromadzenie plik\u00f3w \u201ccookies\u201d [patrz polityka plik\u00f3w \u201ccookies\u201d].<br>6. Serwis zbiera informacje dobrowolnie podane przez u\u017cytkownika.<br>7. dane podane w formularzu s\u0105 przetwarzane w celu wynikaj\u0105cym z funkcji konkretnego<br>formularza np. w celu dokonania procesu obs\u0142ugi kontaktu informacyjnego<br>8. Dane osobowe pozostawione w serwisie nie zostan\u0105 sprzedane ani udost\u0119pnione<br>osobom trzecim, zgodnie z przepisami Ustawy o ochronie danych osobowych.<br>9. Do danych zawartych w formularzu przys\u0142uguje wgl\u0105d osobie fizycznej, kt\u00f3ra je tam<br>umie\u015bci\u0142a. Osoba ta ma r\u00f3wnie\u017c praw do modyfikacji i zaprzestania przetwarzania swoich<br>danych w dowolnym momencie.<br>10. Zastrzegamy sobie prawo do zmiany w polityce ochrony prywatno\u015bci serwisu, na kt\u00f3re<br>mo\u017ce wp\u0142yn\u0105\u0107 rozw\u00f3j technologii internetowej, ewentualne zmiany prawa w zakresie<br>ochrony danych osobowych oraz rozw\u00f3j naszego serwisu internetowego. O wszelkich<br>zmianach b\u0119dziemy informowa\u0107 w spos\u00f3b widoczny i zrozumia\u0142y.<br>11. W Serwisie mog\u0105 pojawia\u0107 si\u0119 linki do innych stron internetowych. Takie strony<br>internetowe dzia\u0142aj\u0105 niezale\u017cnie od Serwisu i nie s\u0105 w \u017caden spos\u00f3b nadzorowane przez<br>Serwis WWW.DDRUK.PL Strony te mog\u0105 posiada\u0107 w\u0142asne polityki dotycz\u0105ce prywatno\u015bci oraz<br>regulaminy, z kt\u00f3rymi zalecamy si\u0119 zapozna\u0107.<br>W razie w\u0105tpliwo\u015bci co kt\u00f3regokolwiek z zapis\u00f3w niniejszej polityki prywatno\u015bci jeste\u015bmy do<br>dyspozycji - nasze dane znale\u017a\u0107 mo\u017cna w zak\u0142adce - KONTAKT.<br><\/pre>\n","protected":false},"excerpt":{"rendered":"<p>POLITYKA PRYWATNO\u015aCIPolityka prywatno\u015bci serwisu www.DDRUK.PL1. Informacje og\u00f3lneNiniejsza Polityka Prywatno\u015bci okre\u015bla zasady przetwarzania i ochrony danych osobowychprzekazanych przez U\u017cytkownik\u00f3w w zwi\u0105zku z korzystaniem przez nich us\u0142ugzakup\u00f3w internetowych poprzez Serwis.2. Administratorem danych osobowych zawartych w serwisie jestDDRUK \u0141UKASZ DANIEL. z siedzib\u0105 w LASKOWA 894, 34-602 LASKOWA NIP 7372244653. REGON 528126904 3. W trosce o bezpiecze\u0144stwo powierzonych nam [&hellip;]<\/p>\n","protected":false},"author":1,"featured_media":0,"parent":0,"menu_order":0,"comment_status":"closed","ping_status":"closed","template":"","meta":{"footnotes":""},"class_list":["post-884","page","type-page","status-publish","hentry"],"blocksy_meta":[],"featured_image_urls":{"full":"","thumbnail":"","medium":"","medium_large":"","large":"","1536x1536":"","2048x2048":"","woocommerce_archive_thumbnail":"","woocommerce_thumbnail":"","woocommerce_single":"","woocommerce_gallery_thumbnail":""},"post_excerpt_stackable":"<p>POLITYKA PRYWATNO\u015aCIPolityka prywatno\u015bci serwisu www.DDRUK.PL1. Informacje og\u00f3lneNiniejsza Polityka Prywatno\u015bci okre\u015bla zasady przetwarzania i ochrony danych osobowychprzekazanych przez U\u017cytkownik\u00f3w w zwi\u0105zku z korzystaniem przez nich us\u0142ugzakup\u00f3w internetowych poprzez Serwis.2. Administratorem danych osobowych zawartych w serwisie jestDDRUK \u0141UKASZ DANIEL. z siedzib\u0105 w LASKOWA 894, 34-602 LASKOWA NIP 7372244653. REGON 528126904 3. W trosce o bezpiecze\u0144stwo powierzonych nam danych opracowali\u015bmy wewn\u0119trzneprocedury i zalecenia, kt\u00f3re maj\u0105 zapobiec udost\u0119pnieniu danych osobomnieupowa\u017cnionym. Kontrolujemy ich wykonywanie i stale sprawdzamy ich zgodno\u015b\u0107 zodpowiednimi aktami prawnymi &#8211; ustaw\u0105 o ochronie danych osobowych, ustaw\u0105 o\u015bwiadczeniu us\u0142ug drog\u0105 elektroniczn\u0105, a tak\u017ce wszelkiego rodzaju aktach wykonawczych iaktach prawa wsp\u00f3lnotowego.4. Dane Osobowe przetwarzane&hellip;<\/p>\n","category_list":"","author_info":{"name":"admin7812","url":"https:\/\/ddruk.pl\/index.php\/author\/admin7812\/"},"comments_num":"0 comments","jetpack_sharing_enabled":true,"_links":{"self":[{"href":"https:\/\/ddruk.pl\/index.php\/wp-json\/wp\/v2\/pages\/884","targetHints":{"allow":["GET"]}}],"collection":[{"href":"https:\/\/ddruk.pl\/index.php\/wp-json\/wp\/v2\/pages"}],"about":[{"href":"https:\/\/ddruk.pl\/index.php\/wp-json\/wp\/v2\/types\/page"}],"author":[{"embeddable":true,"href":"https:\/\/ddruk.pl\/index.php\/wp-json\/wp\/v2\/users\/1"}],"replies":[{"embeddable":true,"href":"https:\/\/ddruk.pl\/index.php\/wp-json\/wp\/v2\/comments?post=884"}],"version-history":[{"count":2,"href":"https:\/\/ddruk.pl\/index.php\/wp-json\/wp\/v2\/pages\/884\/revisions"}],"predecessor-version":[{"id":897,"href":"https:\/\/ddruk.pl\/index.php\/wp-json\/wp\/v2\/pages\/884\/revisions\/897"}],"wp:attachment":[{"href":"https:\/\/ddruk.pl\/index.php\/wp-json\/wp\/v2\/media?parent=884"}],"curies":[{"name":"wp","href":"https:\/\/api.w.org\/{rel}","templated":true}]}}